 16 = m. Calculate h(m).
5
Let d(t) = t + 0*t + 0*t**2 - 5 + t**2. Suppose 4*c + 11 = -v, 24 = v - 5*c - 1. Suppose 4*r = v*b - 3*b, r + 3*b = 0. Determine d(r).
-5
Let x(i) = -5*i + 13. Let l(m) = -8*m + 25. Let o(t) = 3*l(t) - 5*x(t). Calculate o(6).
16
Let c(q) = -q**3 - 5*q**2 + 8*q + 7. Suppose 0 = 3*j + 974 - 956. Calculate c(j).
-5
Let i be (-48 - -6)/((-5)/(15/2)). Let s be (8/14)/(9/i). Let b(w) = -w**2 + 2. Let m(x) = -x**2 + x + 2. Let l(n) = -4*b(n) + 5*m(n). Give l(s).
6
Let s(w) = -w**3 + 2*w**2 + 8*w - 10. Let u be 14/35 - 108/(-30). Give s(u).
-10
Let m = -614 - -617. Let z(x) = -3*x**3 + 3*x**2 + 2*x + 4. What is z(m)?
-44
Let g(n) be the third derivative of -7*n**5/60 - 2*n**2. Let s(l) = -6*l**2 + 39*l + 20. Let m be s(7). What is g(m)?
-7
Let k be 4 - (-205)/((-25)/(-5)). Let v = k - 26. Suppose 3*b + 1 = v. Let a(x) = x - 7. What is a(b)?
-1
Let s = -806 + 796. Let y(p) = 5*p - 13. Calculate y(s).
-63
Let r be (-2)/(-3) + 20/6. Suppose -4*o - w = w + 4, -w + r = -4*o. Let i(y) = -74 + 141*y - 139*y + 74. What is i(o)?
-2
Let x(h) be the first derivative of h**2/2 - 7*h + 210. What is x(1)?
-6
Let z be ((-8)/10)/(8/(-20)). Let r(a) = -2*a**2 + a**3 - a**z + 0 - 5*a + 0. What is r(4)?
-4
Suppose 10*y - 4*y = 12. Let p(q) = 0 + 2*q - y + 3. Give p(-5).
-9
Suppose 4*p = 1241*b - 1243*b + 38, p - 41 = -4*b. Let g(r) = 2*r**2 - 25*r + 17. Let v(f) = f**2 - 12*f + 8. Let t(y) = -3*g(y) + 7*v(y). What is t(b)?
5
Let d(i) = -3*i**3 + 5*i**2 + 14*i + 8. Let y(r) = 7*r**3 - 7*r**2 - 29*r - 17. Let o(g) = 5*d(g) + 2*y(g). Calculate o(12).
6
Suppose -3*z - z + 12 = 0. Let y(j) = -2 + 6*j**2 - z - 4*j - j**3 + 2 + 0. Let m(r) = r. Let q be m(5). What is y(q)?
2
Let a(z) = 3*z**2 - 10*z - 11. Let n(q) = -13*q**2 + 39*q + 44. Let o(t) = 9*a(t) + 2*n(t). Give o(8).
-43
Let n(i) be the first derivative of 11*i**4/4 - i**3/3 + 299. Suppose 3 = 2*y + 1. What is n(y)?
10
Let b(o) be the second derivative of -o**4/12 + o**3/3 + 3*o**2 + 6*o - 6. Calculate b(4).
-2
Let k(w) = -w - 5. Let r be 111/24 - 2*(-9)/48. Give k(r).
-10
Let w(d) = -d - 4. Let g = -5 + 1. Let i be 3 + (0 - -3) + g. Suppose -i*a = -5*a - 6. Determine w(a).
-2
Suppose -16 = f + f. Let o(h) = -73*h - 10. Let v(d) = -91*d - 11. Let i(x) = -5*o(x) + 4*v(x). What is i(f)?
-2
Let b(s) = s**2 - s. Suppose -3*y + 3 - 14 = 2*p, 0 = -y - 5. Give b(p).
2
Let h be (-4)/26 - (-216)/52. Let y(r) = 2*r**2 - 5*r + 2. Let v be y(3). Let s(d) = -d - d**2 - 3*d - v + 3*d**2. Determine s(h).
11
Let n(m) = -5*m**2 + 38*m - 3. Let g(w) = w**2 - 5*w + 1. Let l(j) = -6*g(j) - n(j). Give l(-10).
-23
Let j = 178 + -173. Let h(u) = 23 - 2*u**2 - 2*u - 28 + 3*u**2. What is h(j)?
10
Let d(u) be the first derivative of u**4/4 - u**3 - 7*u**2/2 + 7*u + 462. Give d(5).
22
Let n(r) = 4 + 3424*r**2 + 5*r - 3425*r**2 + 0 + 4. Determine n(4).
12
Let p be (-12 - -2)*1 + -1. Let c(t) be the second derivative of t**3/6 + 9*t**2/2 - 337*t + 2. Calculate c(p).
-2
Let a(z) be the second derivative of z**3/6 + 4*z**2 + 580*z. Let c(l) = 8*l**2 - l - 1. Let n be c(-1). Determine a(n).
16
Let d be (-2 + 2 + 1)*(17 - 22). Let h(q) = q**2 + 3*q - 2. Give h(d).
8
Suppose 0 = p - k - 4, -4*p + 5*k + 11 + 2 = 0. Let i(a) = -3*a**3 + p*a**2 + 6*a**3 + 9 - 2*a - 4*a**3. Determine i(7).
-5
Let v(h) be the first derivative of -h**4/4 - 5*h**3/3 - 3*h**2 - 3*h - 24. Let p be 9/6*-2 - 1/1. Calculate v(p).
5
Let j(l) be the third derivative of -5*l**4/24 - 5*l**3/6 + 73*l**2. Give j(6).
-35
Let h(s) = -s**3 + 8*s**2 - s + 9. Suppose 177 - 145 = 4*g. Calculate h(g).
1
Let y = 1560 - 1581. Let d(v) = -v - 23. Calculate d(y).
-2
Let f(y) = -y**3 - 16*y**2 + 8*y - 168. Let b be f(-17). Let x(s) = -s**3 - 13*s**2 + 30*s - 6. Determine x(b).
-6
Let z(a) be the third derivative of a**5/60 - 5*a**4/24 - 4*a**3/3 - a**2. Let s(t) = -170*t**2 + 173*t + 3. Let q be s(1). Determine z(q).
-2
Let f(g) be the first derivative of g**4/4 + 5*g**3/3 + g**2 - 2*g + 46. Let r be ((-2)/1)/((-2)/(-2)). What is f(r)?
6
Let h be (3 - 5 - 3)*3. Let n = -20 - h. Let g(f) = f**2 + 5*f - 5. What is g(n)?
-5
Let p(v) = -v**2 + 6*v - 1. Let z(m) = -m**3 - 5*m**2 - 7*m - 5. Suppose 2*l - 20 = 7*l. Let c be z(l). What is p(c)?
-8
Let b(w) = -2*w + 7. Let a be b(3). Let p be -3*(a - 3) - 1. Let n(z) = z**2 - 8*z + 7. Calculate n(p).
-8
Let h(n) be the second derivative of -n**4/4 + n**3/2 + 13*n**2/2 - 8*n. Let q(r) = -r**2 + r + 4. Let d(m) = -3*h(m) + 8*q(m). What is d(6)?
23
Let i be -3 + 1 - 6*-1. Suppose 0 = -i*h + h - 4*m - 34, -4*h - 41 = m. Let f(w) = -w - 9. Determine f(h).
1
Let b(c) be the second derivative of -c**5/20 + c**4/12 - c**3/6 - 7*c**2/2 + 756*c. Determine b(0).
-7
Suppose -3*k = -5*k + 16. Suppose -k = 5*z - 18. Let a(t) = -t**z + 3 + 7*t - 10*t + 2 + 0*t**2. Determine a(-5).
-5
Suppose -4 = 3*q - s - 2, -5*s - 8 = 3*q. Let u(n) = 32*n + 2. Give u(q).
-30
Let m(y) = -y**2 + y - 1. Suppose 4*k + 7*j - 5*j + 4 = 0, 5*j + 10 = -2*k. Determine m(k).
-1
Suppose -4*l + 5 = -15. Let y(j) = 0*j + 0*j - 4*j - 7 + l. Determine y(2).
-10
Let w be (-77)/(-14) + (-1)/(-2). Let m = -11 + w. Let t(r) = -r + 5*r + 14 - 3*r**2 - 15 - r**2 - r**3. Give t(m).
4
Let s = -5 + 1. Let f(n) be the first derivative of n**6/360 + n**5/30 + n**4/6 + 14*n**3/3 - 17. Let l(q) be the third derivative of f(q). Calculate l(s).
4
Let l = -2 - -5. Suppose k - a - 2 = 0, -3*k = l*a - 0*a - 24. Let t(f) be the second derivative of f**4/12 - f**3 - f**2 - 84*f - 5. What is t(k)?
-7
Let r(t) = t**2 + 4*t - 1. Let f be r(-2). Let j(o) = o**2 - 4*o + 2. Let x be j(4). Let w(m) = 8 - 2 + 0*m**2 + 7*m + m**x. Calculate w(f).
-4
Suppose 53 = -7*w + 60. Let i(j) = 2*j**3 + j**2 - 1. Let z(r) = 14*r**3 + 2*r**2 + 3*r - 5. Let l(m) = w*z(m) - 6*i(m). What is l(3)?
28
Let u be 1 + (7 - (0 - -3)). Suppose u*a = 2*a. Let x(t) = 0 + t + 3 + a. What is x(0)?
3
Let n(c) = 8*c - 687. Let q be n(87). Let t(i) = 4*i**3 - 13*i**2 + 5*i. Let a(d) = 7*d**3 - 25*d**2 + 11*d. Let m(b) = 3*a(b) - 5*t(b). What is m(q)?
-9
Let y(o) = -o**3 - 6*o**2 + 14*o + 57. Let j be y(-7). Suppose 5*b - 7 = -4*v, -5*b + 4*v - 9 = -j*b. Let p(h) = -5*h**2 - 2*h - 1. What is p(b)?
-4
Let v(b) be the second derivative of -b**5/120 - b**4/6 + 4*b**3/3 - 11*b. Let o(d) be the second derivative of v(d). Suppose 0 = 3*r - 0*r + 9. Calculate o(r).
-1
Let h(f) be the third derivative of -17*f**2 + 1/24*f**4 - 3/2*f**3 + 0*f**5 + 0 - 1/120*f**6 + 0*f. What is h(0)?
-9
Suppose -l - 2*s - 1 = 0, -7*l = -5*l + 5*s - 1. Let x(f) = 4*f**2 + 28*f + 25. Let g(u) = -u**2 - 7*u - 6. Let t(j) = -9*g(j) - 2*x(j). What is t(l)?
4
Suppose -36 = 4*n - 10*n. Let p(b) = b - 2 + 5 - b - 6*b**2 + b**3. What is p(n)?
3
Let j(h) = -3 + 20*h**2 - 4 - 3*h - 19*h**2 + 0 - 1. What is j(6)?
10
Let t(n) = 7*n. Let v(d) = d**3 + 12*d**2 + 14*d + 33. Let m be v(-11). Let h(f) = f**3 - f**2 - 2*f - 1. Let u be h(m). Give t(u).
-7
Let m(w) = w**2 + 19*w + 85. Let i be m(-8). Let f(x) = -1 + 2 + 1 + x**2 + 3*x. What is f(i)?
2
Let w = 2940 - 2936. Let p(s) be the first derivative of 2/3*s**3 + 5/2*s**2 + 3*s - 6 - 1/4*s**w. Determine p(4).
-9
Let m(k) = 2*k - 3. Let z be m(3). Let q(x) be the third derivative of -6*x**2 + 0 - 2/3*x**3 + 0*x - 1/24*x**4. Calculate q(z).
-7
Suppose 2*f = -2*p - 4 - 2, 39 = -5*p + f. Let k(c) = -8 - 4*c + 3*c + 0*c. Calculate k(p).
-1
Let d(r) = -r**3 - 3*r - 1. Let k be d(0). Let f(i) = -i + 2. Determine f(k).
3
Let t(f) = -f**2 - 10*f - 1. Let p be t(-9). Let j = 24 - p. Suppose 7 = -5*m - 3, -j = -3*d + 5*m. Let u(i) = -3*i - 2. Calculate u(d).
-8
Let d = 1211 - 1218. Let h(n) = 4*n**2 + 3*n - 7. Let x(v) = -3*v**2 - 4*v + 7. Let l(s) = 2*h(s) + 3*x(s). Determine l(d).
0
Let h(c) = 0*c - c**2 + 0 + 3*c**2 + 2*c + 1. Suppose -4*s + 0*z - 4*z = -24, -5*z + 15 = 0. Suppose 5*k - 5*p + 15 = 0, -2*k - 9 = -s*p - 1. Determine h(k).
1
Let o(q) = 17 + q**3 - q - 2*q - 19. Let c(d) = 2*d**2 + d. Let v be c(-1). Let x be (3 - 5) + v + -1. What is o(x)?
-4
Let a(z) = z**3 + 8*z**2 - 13*z - 13. Let b be (-22)/66*6*(-18)/(-4). What is a(b)?
23
Let a(y) = -y**3 + 12*y**2 + 13*y + 15. Let f(u) = -61*u + 74. Let h be f(1). Give a(h).
15
Let n(r) = -3*r**2 - 2*r - 1. Let l be (-54)/378*21*1. What is n(l)?
-22
Let h(v) be the second 